se -4*x = -6*x + 6. Suppose 0 = -r - p + 64, -x*r + p = -218 + 14. Is r composite?
False
Let l(d) = 37*d - 4. Let i be l(3). Suppose -129 = -4*u + i. Is u composite?
False
Is 6 + -9 - 10*-7 a composite number?
False
Suppose 5 - 17 = -2*f. Let b be 3*8*14/f. Suppose -b = -4*l + 68. Is l a prime number?
True
Let s(d) = 3*d - 5*d - 1 + d. Let k be s(2). Let p = k - -13. Is p composite?
True
Let x(q) be the first derivative of q**4/4 - q**3 - 5*q**2/2 - 4*q + 2. Is x(5) a composite number?
True
Let g = -102 + 157. Is g prime?
False
Suppose -3*x + 5 - 1 = 5*m, 2*x = -5*m + 1. Suppose -x*o - o + 776 = 0. Is o composite?
True
Let l = -252 + 455. Is l prime?
False
Let o be (-3357)/(-21) - (-6)/42. Let g = 321 - o. Is g prime?
False
Suppose 3*v - 3235 = -2*v. Is v prime?
True
Is ((-373)/(-2))/(-1 + 24/16) a composite number?
False
Let d(u) = -24*u**2 - 13*u + 3. Let s(m) be the first derivative of 2*m**3 + 3*m**2/2 - m - 3. Let w(q) = 2*d(q) + 9*s(q). Is w(-4) a composite number?
False
Suppose -f + 20 = 4*f. Let l = f - 4. Let c(a) = -a**3 - a**2 - a + 31. Is c(l) a composite number?
False
Let u be 1/(-3)*(3 + -3). Suppose x - 52 - 7 = u. Is x composite?
False
Let z(h) = -1467*h - 2. Is z(-1) prime?
False
Let w(a) = a**2 - 1. Let y(n) = n**2 + 8*n - 11. Let z be y(-9). Let i be w(z). Suppose -3*m = 12, i*l = -0*l + 2*m + 74. Is l prime?
False
Let n = 1092 - -255. Is n a composite number?
True
Suppose -2*v = -4*d + 5*d - 53, 109 = 4*v - d. Let l be (36/(-15))/((-6)/100). Let g = l - v. Is g a prime number?
True
Let r(y) = y**2 + 4*y - 2. Let q be r(-6). Suppose -4*f = -4, -q + 30 = 2*t - 2*f. Is t a composite number?
False
Suppose -y - 145 - 274 = 0. Let o = y + 722. Suppose -r + 315 = -j, r - 3*j = j + o. Is r composite?
True
Let l = 11 + -12. Let h = l + 14. Is h a composite number?
False
Let a = 17 - 11. Suppose -b + 4*k = -a, 3 = -5*b - k + 12. Suppose 0 = 7*h - b*h - 705. Is h a prime number?
False
Let l(q) = 2*q**2 + 2*q - 3. Let h be l(-3). Suppose -1 = 4*s - h. Is 1/s - (-38)/4 prime?
False
Suppose -2*o + 20432 = 6*o. Is o a prime number?
False
Suppose -2*f = -3*f. Is 2*(13/2 + f) prime?
True
Let v(d) = 259*d**3 - 5*d**2 + 3*d - 5. Is v(2) prime?
True
Let i(d) = -9*d - 6. Let r be 1 - (5/1 - -1). Is i(r) prime?
False
Let g = -41 + 94. Is g a composite number?
False
Let v be (1 + -4)/(15/(-10)). Suppose -4*n = -3*c + 556, 0 = 3*n + v - 8. Suppose -5*l + c = -l. Is l a prime number?
True
Suppose -2*n - 564 = -4*r, 2*r = -2*r - 2*n + 556. Suppose 0 = 6*k - 2*k. Suppose k = -0*p + 4*p - r. Is p prime?
False
Let w = 98 + 59. Is w a prime number?
True
Is (-2342)/(-8) + 8/32 composite?
False
Let h(z) = z**3 + 11*z**2 + 4*z + 1. Suppose 5*j + 3 = -37. Is h(j) a prime number?
False
Let m be -9*1*1/(-3). Suppose 0 = b + 3*l + m, -4 = 2*b + 2*l - 2. Suppose -5*t - 193 + 588 = b. Is t composite?
False
Let o = 18 + -16. Let t = 1 + o. Is t a prime number?
True
Let c(u) = u - 176. Let s(p) = -397 + 200 + 4*p - 506. Let m(a) = -9*c(a) + 2*s(a). Is m(0) a composite number?
True
Let i be ((-44)/(-77))/(2/7). Let u(l) = 174*l. Let v be u(2). Suppose -i*q - v = -6*q. Is q prime?
False
Let d be 1/(-4) + 15/12. Let g(y) = 143*y. Is g(d) a composite number?
True
Let v = 26 + -44. Let b be 2/(-12) - 57/v. Suppose 0 = -b*c + c + 98. Is c composite?
True
Let x(v) = v**3 + 16*v**2 - 3*v - 11. Is x(-7) prime?
False
Is (64 + 4)/4*11 prime?
False
Suppose 3*f = 2*f - 4. Is f/8 + (-310)/(-4) a composite number?
True
Let p be (-4)/18 - 8972/(-36). Suppose 0 = -0*n + 3*n - p. Is n a composite number?
False
Suppose 5*n = -3*o + 11, -5*o - 3*n - n + 1 = 0. Let a = -1 - o. Let d(z) = 6*z - 2. Is d(a) a composite number?
True
Let u(v) = -53*v - 5. Is u(-8) composite?
False
Suppose 4*d + 2*k = k + 15917, 3*k = 3. Is d prime?
False
Let c be ((-26)/4)/(2/(-132)). Suppose -l - 2*l = -12. Suppose l*s - s - c = 0. Is s prime?
False
Let s = 24 - 19. Suppose -3*p + 373 = -0*y + 2*y, s*p - 5*y - 655 = 0. Is p a prime number?
True
Suppose 13 = 5*p - 7. Let n(b) = 25*b + 3. Is n(p) composite?
False
Let y = 10 + -1. Is (-1222)/(-6) + (-6)/y a prime number?
False
Suppose -5*a = -a - 24. Let f(p) = -3 + 4 - a*p - p - 17*p. Is f(-2) a prime number?
False
Let f(w) = -w**2 - 7*w + 10. Let g be (4 - (2 - 2))*-2. Let t be f(g). Suppose 3*s + 4*n = 65, -s + t*n + 15 = -0*s. Is s a composite number?
False
Suppose -233 + 1152 = a. Is a a prime number?
True
Is -1 - -114 - (-4)/(-2) composite?
True
Suppose -4*x - 3 = -19. Suppose 36 = 3*s + x*p - 37, -s - p + 24 = 0. Is s a prime number?
True
Suppose 4 = -3*m + 16. Is 0 - m/(-2) - -137 a composite number?
False
Let f = 22 + -12. Suppose -6*s = -4*s - f. Suppose -1 = s*d - 56. Is d composite?
False
Is (-1 - -3)/((-26)/(-10231)) a prime number?
True
Let d(c) = c**3 - 10*c**2 + 3*c + 9. Let a = 11 + -1. Is d(a) a prime number?
False
Let p(n) = -n**3 - 9*n**2 - 6. Let u be p(-9). Is u*240/(-9) + -2 composite?
True
Let g(z) = 5*z - 3. Let s(r) = -4*r + 3. Let b(q) = -4*g(q) - 3*s(q). Is b(-8) a prime number?
True
Let v(h) = 14*h + 1. Is v(8) a composite number?
False
Let v(y) = -3*y - 3 + 3*y - 4*y**3 + 4 + y**2 + 3*y. Suppose n - 2*n - 2 = 0. Is v(n) a composite number?
False
Let w = 4 - 3. Let h = w + 2. Suppose -h*s = -11 - 7. Is s a composite number?
True
Suppose 15 = -3*n, 0 = -4*z + 5*n - 970 + 5463. Is z a composite number?
False
Let j = -185 - -451. Let n be (-8 - 0)/(4/(-2)). Suppose u - 5*h = 77, 0*h = -n*u - h + j. Is u prime?
True
Let k(a) = -a**2 - 7*a - 1. Let u be k(-6). Let n = -9 - -17. Let b = u + n. Is b a prime number?
True
Let m = -84 + 190. Is m a prime number?
False
Let d(h) = 481*h - 2. Is d(1) prime?
True
Let z(k) = k**2. Let y(u) = -2*u**2 - 1. Let m be y(-1). Let c(t) = -4*t**2 + t - 7. Let i(j) = m*z(j) - c(j). Is i(6) a prime number?
True
Suppose -5*g - 2*s = -11, 4*g + 2*s - 6 = 2. Suppose -g*w - 10 = -8*w. Suppose -w*c + 237 = c. Is c a composite number?
False
Let i(x) = -x**3 + 3*x**2 - 2*x + 3. Let m = 1 - -1. Let g be i(m). Suppose 4*u - 4*q - 303 = -g*q, 0 = 4*u + 4*q - 328. Is u prime?
False
Suppose -4*q - 8 = -5*y, 3*y = q + 10 - 1. Suppose 0 = 5*f + 4*a + 7 + q, 0 = -4*a. Is (1*f - -1)*-7 a composite number?
False
Is (-1 - 12/(-6))*1853 a composite number?
True
Suppose -28*c + 12*c + 87280 = 0. Is c composite?
True
Let p = 87 - 231. Let r = -15 - p. Suppose -3*x + 3*v + r = -0*x, -5*v + 153 = 3*x. Is x a composite number?
True
Let m(u) = -2 - 3 + u - 3*u + 2*u**2. Let s = -5 - -12. Is m(s) composite?
False
Suppose -2 = 4*i + 2*x - 22, 0 = 2*x + 4. Is 3*2/(i/31) a composite number?
False
Let o = 73 + -136. Let r = o + 96. Is r composite?
True
Let d(i) = -15*i + 16. Is d(-6) a composite number?
True
Suppose -967 = -3*i + i - 3*q, -q = i - 482. Is i a prime number?
True
Let m = 14 + 9. Suppose 0 = y + 2*x - m, -83 = -4*y - 5*x + 3. Is y a prime number?
True
Suppose -j - 10 + 77 = 0. Is j a prime number?
True
Let f = 101 - -125. Let j = f + -373. Let i = -96 - j. Is i a composite number?
True
Suppose -2*l + 2*w = -8, 4*l - 1 = 2*l - 5*w. Suppose -a = l*a - 140. Is a prime?
False
Let r = -46 + 83. Suppose -2*q + 33 + r = 0. Is q a prime number?
False
Let a(p) = -8*p + 3. Let y be a(-3). Suppose y + 30 = 3*j. Is j prime?
True
Suppose 5*b + 989 = 5*x - x, 1009 = -5*b - x. Let k be (0 - -1) + (-8)/2. Is (b/(-9))/((-1)/k) a composite number?
False
Let u(c) = -c**2 + 8*c - 5. Let i be u(7). Suppose -i*w + 5 = -3. Suppose -w*f - 59 = -271. Is f a composite number?
False
Let k(f) = f**2 - 4*f + 3. Let w be k(3). Is (-2)/(w - 1) + 57 a prime number?
True
Let o be 123 + 3/6*2. Is ((-2)/(-4))/(2/o) a composite number?
False
Suppose 4*c = -c - y - 6, -2*y + 4 = 2*c. Let i = c + 6. Is 2/i + (-458)/(-4) prime?
False
Let k = 317 + 54. Is k a prime number?
False
Suppose 2*o - 6 = -0*o. Suppose -161 = -4*v + o*v. Is v composite?
True
Let x = 4588 + -2621. Is x a prime number?
False
Let a = 1000 + -1540. Let i = 757 + a. Is i prime?
False
Let u(f) = -f**3 - 9*f**2 - 18*f - 37. Is u(-18) a composite number?
False
Let z(d) = -2*d**3 - d**2. Let f be z(-1). Let o be -1 + f - (-4)/(-1). Is (-3 - o)/(1/37) prime?
True
Suppose -2 + 8 = -3*p, 4*m + 2*p - 3504 = 0. Is m prime?
True
Let d(l) = l**3 + l**2 - l + 4. Suppose 3*k + 5 = 4*k. Is d(k) com